 highest common factor of o and 13?
13
Let a = 81 - 18. Let s be -4 - -7 - 2/(-1). Suppose -s*p + 5*u = 2*u - 38, 17 = 2*p - 3*u. Calculate the greatest common divisor of p and a.
7
Let g be 1820/16 + 3 + 6/(-8). Let p be (-5*10/(-125))/(3/30). Suppose -p*a + g = -0*a + 2*s, -s = a - 30. Calculate the greatest common factor of 70 and a.
14
Let h = -326 - -466. Suppose -h = -16*f + 11*f. Calculate the highest common factor of f and 14.
14
Let c = 527 + -620. Let q = c + 129. What is the highest common divisor of 612 and q?
36
Let n be -14*(-1)/((-3 - -2) + 2). Suppose -n + 260 = 2*q. Let t = q + -104. What is the greatest common divisor of 19 and t?
19
Suppose f - 29 = -4. Let v = 39527 - 39402. Calculate the greatest common factor of v and f.
25
Suppose 83 = -s + 700. Suppose -4*f - 2*k - 492 = -8*f, 0 = 5*f - 3*k - s. What is the highest common divisor of f and 99?
11
Let r = -39 + 44. Suppose 3*t + 68 = 3*k - 2*k, -r*k + 384 = -4*t. Let n(f) = 39*f + 1. Let u be n(1). What is the greatest common factor of u and k?
40
Suppose -413*g + 3*d = -418*g + 1191, 4*g - d - 929 = 0. What is the greatest common factor of 182 and g?
26
Let y = 204 + -200. Suppose 19*t - 308 + y = 0. What is the greatest common divisor of t and 144?
16
Let p = 3 + 45. Suppose 3*l + 5*l + p = 0. Let c(i) = 2*i**2 + 7*i - 4. Let y be c(l). Calculate the greatest common divisor of y and 65.
13
Let b(n) = -n**2 - 12*n - 14. Let t be b(-10). Suppose 20 = -t*j + 8*j. Let q = 132 - 62. Calculate the highest common factor of q and j.
10
Let r = -7131 + 7269. What is the greatest common divisor of 759 and r?
69
Let d(h) = -3*h - 33. Let n be d(-11). Suppose -7*f + 12*f - 2*l - 2392 = n, 4*f - 5*l = 1900. Calculate the highest common divisor of f and 15.
15
Suppose 4*y = -9 + 53. Suppose 770 = 293*n - 258*n. What is the highest common factor of y and n?
11
Let n = 18652 + -15937. What is the greatest common divisor of 6 and n?
3
Let s be ((-3744)/(-351))/(16/60). What is the highest common factor of s and 4920?
40
Suppose 218*k = -578 + 3194. Calculate the highest common factor of 103 and k.
1
Suppose -16215 = -192*i + 177*i. What is the highest common divisor of i and 188?
47
Suppose 0 = -5*o - 681 - 94. Let v = o - -193. Calculate the highest common factor of v and 4.
2
Let u(l) be the second derivative of -11*l**3/6 + 73*l**2/2 - 9*l - 1. Let v be u(5). Calculate the greatest common divisor of v and 162.
18
Let h be (-1)/2*-86*(-39 + 41). Suppose 5*r + 2*g = h, 2*g = -3*r - 3*g + 44. What is the greatest common divisor of r and 27?
9
Let g be 30/135 + (-428)/(-18). Let b = 172 - -128. What is the highest common factor of g and b?
12
Let x(o) = 3*o**3 - 224*o**2 + 186*o - 40. Let h be x(74). What is the highest common divisor of h and 1260?
252
Let s(v) = v**2 + 25*v - 2601. Let n be s(-74). Calculate the highest common divisor of n and 451.
41
Let z(x) = 32*x - 232. Suppose 43*h - 165 = 179. Let q be z(h). Calculate the greatest common divisor of 228 and q.
12
Suppose -4*u = -4*v + 2468, 2*u - 8*v + 1240 = -3*v. Let q = u - -638. Calculate the greatest common factor of 253 and q.
23
Let v(c) = c**2 - 33*c + 140. Suppose 3*t + 6*a = 5*a + 118, -4*a = -2*t + 102. Let g be v(t). Calculate the greatest common divisor of g and 18.
18
Let x be -5 + ((3/(-4))/((-126)/647304))/1. Calculate the highest common divisor of 208 and x.
104
Let n be ((-756)/(-49))/((-9)/((-378)/4)). Calculate the highest common factor of 37098 and n.
162
Suppose 5*u = u + 2*w + 6, -5*u + 2*w + 6 = 0. Suppose 0 = 9*l - u*l + 7920. Let m be ((-2)/(-4))/((-4)/l). What is the greatest common factor of 22 and m?
22
Let b be 8 + (0 - (-20)/4). Let q(z) = -40*z + 306. Let t be q(7). Calculate the highest common divisor of t and b.
13
Suppose 2*x + 68 = 4*h + 6*x, 0 = 4*h - 4*x - 92. Suppose -s + 336 = h*s. What is the highest common divisor of 1 and s?
1
Let w be 4 - ((-514)/771)/(2/(1446/1)). Let r(t) = 8*t**3 - 2*t**2 - t. Let c be r(2). Calculate the greatest common divisor of c and w.
54
Let o(l) = l**3 + 29*l**2 - 123*l + 48. Let a be o(-32). What is the highest common factor of 380 and a?
76
Let f(w) = 13*w**2 + 143*w - 143. Let s be f(1). Calculate the greatest common factor of 949 and s.
13
Let j(p) = -p. Let v(a) = -36*a + 46. Let o(z) = 3*j(z) + v(z). Let h be o(-7). Let c = h - 143. What is the greatest common factor of 16 and c?
16
Suppose 0 = -2*l + l + 81. Let a(s) = s**3 - 4*s**2 + 6*s - 15. Let k = -129 - -133. Let m be a(k). Calculate the highest common divisor of m and l.
9
Let y = 43 + -19. Suppose 4*f + 5*n = 28, 3*f - 2*n - 23 = 21. Suppose -f*o + 854 = -298. Calculate the highest common factor of o and y.
24
Suppose 627 = -10*i - 363. Let a = i - -112. Suppose 0 = 5*f - 105 + 40. What is the greatest common factor of a and f?
13
Let w be 16/(-104) - (-320)/52. Suppose -4*v = -q - 28, -5*v - 4 = -w*v + q. What is the greatest common factor of v and 4?
4
Let f(x) = 3*x + 40. Let p be f(-12). Suppose 15 = p*b - 177. Calculate the greatest common factor of b and 6.
6
Let w = -85 + 133. Let f be 44 - (7 + 2 + (-12 - -7)). What is the highest common factor of w and f?
8
Suppose -3*c - 45 = -l, 22 - 197 = -5*l + 5*c. Let d(y) = 3 + 1 + 9*y - y**2 - 2*y. Let n be d(6). What is the highest common factor of n and l?
10
Let p(w) be the third derivative of 17*w**5/30 + w**4/4 + w**3/3 - 64*w**2. Let c be p(-2). What is the highest common factor of c and 18?
18
Suppose k - 7 = 4. Let c be (-8)/(-44) - (-20)/k. Suppose 29 = -c*b + 113. What is the greatest common factor of 63 and b?
21
Let l(j) = -j**2 - 96*j - 1765. Let g be l(-70). Suppose -3 + 57 = r. Let k = g - r. Calculate the highest common factor of k and 9.
1
Let a be 141/(-235) - 6/(-10). Suppose a = -12*n + 1024 - 340. Calculate the highest common factor of 114 and n.
57
Suppose 0 = 4*p + r - 399, -17*p - 7*r = -18*p + 107. What is the greatest common divisor of 950 and p?
50
Let o be (-4)/22 + 474/66. Suppose -274 + 162 = -o*c. Calculate the greatest common factor of c and 4.
4
Suppose 90*b = -207*b + 1092960. What is the highest common divisor of 140 and b?
20
Let r be (0 - -1)*(-44)/(-11). Suppose -220 = 4*h - 8*h + 4*g, r*h - 2*g = 222. Calculate the highest common divisor of 168 and h.
56
Let n be 18/(-12)*102*(5 - -5 - 11). What is the greatest common divisor of 4913 and n?
17
Suppose -9*n = 8*n - 51. Let b be ((-15)/(-1))/(1/n). Calculate the highest common divisor of b and 375.
15
Let g be (-658)/(-47)*(-2 + 3 + 25). What is the highest common divisor of 2639 and g?
91
Let z be (-42)/(-126) - (-4 + 31672/(-6)). What is the highest common divisor of 18 and z?
9
Let y(v) = 486*v**3 + 3*v**2 - 7*v + 3. Let a be y(1). Let c = 494 - a. Calculate the highest common divisor of 90 and c.
9
Let v = -639 - -647. Suppose -8 = -6*c + 2*c. Suppose -c = n + 2*m, -3*n + 8*n - 65 = 5*m. Calculate the greatest common divisor of n and v.
8
Suppose 7*l = 8*l - 2. Let o(n) = -n**l - 10*n - 3 - 9 - 2. Let h be o(-8). Calculate the greatest common divisor of h and 14.
2
Let i(w) = -619*w + 168. Let g be i(-2). Calculate the highest common divisor of 148 and g.
74
Suppose 6*k = 5*k - 1220. Let o be 9/(-7) + 1 + k/140. Let d = 14 - o. What is the greatest common divisor of 46 and d?
23
Suppose 4*c + 1232 = c + 4*w, 384 = -c - 4*w. Let f = c - -427. What is the greatest common divisor of f and 253?
23
Let w(g) = g**2 - 11*g - 14. Let s be w(12). Let d be (s + (-75)/(-2))/(5/(-10)). Let p = d + 120. What is the greatest common factor of 7 and p?
7
Let v(o) = -8*o**2 + 30*o + 29. Let n be v(9). Let u = -277 - n. What is the highest common factor of 234 and u?
18
Let d be 78/2*(-1 + 2). Suppose -17*h - 4*h + 2223 = 36*h. What is the greatest common factor of h and d?
39
Let w = 2719 - 2715. Calculate the highest common factor of w and 25.
1
Let u be (2 + (-35)/10)*176/6. Let r be (-90)/27*(11 + u). Suppose 8 = h - 2. Calculate the highest common divisor of r and h.
10
Suppose 27*h = 18*h. Suppose 2*s + 5*r = 369, r - 521 = -h*s - 3*s. What is the greatest common divisor of s and 43?
43
Let s(v) = -v**3 + 12*v**2 + 7*v - 16. Let i = 19 + 8. Let l = i + -19. Let h be s(l). What is the highest common divisor of h and 37?
37
Let d be 12/(-54) - ((-926)/6)/((-81)/(-3